{"id":143,"date":"2022-11-03T13:45:47","date_gmt":"2022-11-03T13:45:47","guid":{"rendered":"https:\/\/swemed.meb.ki.se\/?page_id=143"},"modified":"2022-11-10T07:23:30","modified_gmt":"2022-11-10T07:23:30","slug":"publications","status":"publish","type":"page","link":"https:\/\/swemed.meb.ki.se\/index.php\/publications\/","title":{"rendered":"Publications"},"content":{"rendered":"\n<p><strong>You can find the publications regarding to old and new database as below:<\/strong><\/p>\n\n\n\n<ul class=\"wp-block-list\"><li><strong>Unplanned hospitalisations in older people: illness trajectories in the last year of life<\/strong>                                                                                                                                                                   <em>M\u00e1t\u00e9 Szilcz<sup>\u00a0<\/sup>,\u00a0Jonas W Wastesson,\u00a0Kristina Johnell, Lucas Morin<\/em> <a href=\"https:\/\/pubmed.ncbi.nlm.nih.gov\/33906860\/\" data-type=\"URL\" data-id=\"https:\/\/pubmed.ncbi.nlm.nih.gov\/33906860\/\">pubmed.ncbi.nlm.nih.gov\/33906860\/<\/a><sup>\u00a0<\/sup><\/li><li><strong>An update on the clinical consequences of polypharmacy in older adults: a narrative review<\/strong>                                                              <em>Wastesson JW, Morin L, Tan ECK, Johnell K.<\/em> <a href=\"http:\/\/pubmed.ncbi.nlm.nih.gov\/30540223\/\">pubmed.ncbi.nlm.nih.gov\/30540223\/<\/a><\/li><li><strong>Growing Income-Based Inequalities in Old-Age Life Expectancy in Sweden, 2006-2015<\/strong>                                                            <em>Fors S, Wastesson JW, Morin L<\/em>. <a href=\"http:\/\/pubmed.ncbi.nlm.nih.gov\/34528078\/\">pubmed.ncbi.nlm.nih.gov\/34528078\/<\/a><\/li><li><strong>Trends in Use of Paracetamol in the Nordic Countries.<\/strong> <em>Wastesson JW, Martikainen JE, Zo\u00ebga H, Schmidt M, Karlstad \u00d8, Potteg\u00e5rd A.  <\/em>                                       <a href=\"http:\/\/pubmed.ncbi.nlm.nih.gov\/29527817\/\" data-type=\"URL\" data-id=\"pubmed.ncbi.nlm.nih.gov\/29527817\/\">pubmed.ncbi.nlm.nih.gov\/29527817\/<\/a><\/li><li><strong>Increasing inequalities in disability-free life expectancy among older adults in Sweden 2002-2014.   <\/strong>                              <em>Sundberg L, Agahi N, Wastesson JW, Fritzell J, Fors S.<\/em>              <a href=\"http:\/\/pubmed.ncbi.nlm.nih.gov\/34965792\/\" data-type=\"URL\" data-id=\"pubmed.ncbi.nlm.nih.gov\/34965792\/\">pubmed.ncbi.nlm.nih.gov\/34965792\/<\/a>   <\/li><li><strong>Research Priorities for Optimizing Geriatric Pharmacotherapy: An International Consensus. <\/strong>                                                   <em>Tan ECK, Sluggett JK, Johnell K, Onder G, Elseviers M, Morin L, Vetrano DL, Wastesson JW, Fastbom J, Taipale H, Tanskanen A, Bell JS<\/em>; Optimizing Geriatric Pharmacotherapy through Pharmacoepidemiology Network (OPPEN) Group.                                           <a href=\"http:\/\/pubmed.ncbi.nlm.nih.gov\/29361432\/\" data-type=\"URL\" data-id=\"pubmed.ncbi.nlm.nih.gov\/29361432\/\">pubmed.ncbi.nlm.nih.gov\/29361432\/   <\/a>                                                                          <\/li><\/ul>\n","protected":false},"excerpt":{"rendered":"<p>You can find the publications regarding to old and new database as below: Unplanned hospitalisations in older people: illness trajectories in the last year of life M\u00e1t\u00e9 Szilcz\u00a0,\u00a0Jonas W Wastesson,\u00a0Kristina Johnell, Lucas Morin pubmed.ncbi.nlm.nih.gov\/33906860\/\u00a0 An update on the clinical consequences of polypharmacy in older adults: a narrative review Wastesson JW, Morin L, Tan ECK, Johnell&hellip; <a class=\"more-link\" href=\"https:\/\/swemed.meb.ki.se\/index.php\/publications\/\">Continue reading <span class=\"screen-reader-text\">Publications<\/span><\/a><\/p>\n","protected":false},"author":37,"featured_media":0,"parent":0,"menu_order":3,"comment_status":"closed","ping_status":"closed","template":"","meta":{"footnotes":""},"class_list":["post-143","page","type-page","status-publish","hentry","entry"],"jetpack-related-posts":[],"jetpack_sharing_enabled":true,"_links":{"self":[{"href":"https:\/\/swemed.meb.ki.se\/index.php\/wp-json\/wp\/v2\/pages\/143","targetHints":{"allow":["GET"]}}],"collection":[{"href":"https:\/\/swemed.meb.ki.se\/index.php\/wp-json\/wp\/v2\/pages"}],"about":[{"href":"https:\/\/swemed.meb.ki.se\/index.php\/wp-json\/wp\/v2\/types\/page"}],"author":[{"embeddable":true,"href":"https:\/\/swemed.meb.ki.se\/index.php\/wp-json\/wp\/v2\/users\/37"}],"replies":[{"embeddable":true,"href":"https:\/\/swemed.meb.ki.se\/index.php\/wp-json\/wp\/v2\/comments?post=143"}],"version-history":[{"count":10,"href":"https:\/\/swemed.meb.ki.se\/index.php\/wp-json\/wp\/v2\/pages\/143\/revisions"}],"predecessor-version":[{"id":255,"href":"https:\/\/swemed.meb.ki.se\/index.php\/wp-json\/wp\/v2\/pages\/143\/revisions\/255"}],"wp:attachment":[{"href":"https:\/\/swemed.meb.ki.se\/index.php\/wp-json\/wp\/v2\/media?parent=143"}],"curies":[{"name":"wp","href":"https:\/\/api.w.org\/{rel}","templated":true}]}}