{"id":117,"date":"2022-11-03T08:24:50","date_gmt":"2022-11-03T08:24:50","guid":{"rendered":"https:\/\/swemed.meb.ki.se\/?page_id=117"},"modified":"2022-11-10T07:13:07","modified_gmt":"2022-11-10T07:13:07","slug":"about-us","status":"publish","type":"page","link":"https:\/\/swemed.meb.ki.se\/index.php\/about-us\/","title":{"rendered":"About us"},"content":{"rendered":"\n<p> <img loading=\"lazy\" decoding=\"async\" width=\"150\" height=\"200\" class=\"wp-image-83\" style=\"width: 150px;\" src=\"https:\/\/swemed.meb.ki.se\/wp-content\/uploads\/2022\/11\/kristina_johnell_photo_0.jpg\" alt=\"Kristina Johnell\" srcset=\"https:\/\/swemed.meb.ki.se\/wp-content\/uploads\/2022\/11\/kristina_johnell_photo_0.jpg 360w, https:\/\/swemed.meb.ki.se\/wp-content\/uploads\/2022\/11\/kristina_johnell_photo_0-225x300.jpg 225w\" sizes=\"auto, (max-width: 150px) 100vw, 150px\" \/>                                  <\/p>\n\n\n\n<p><em>Project leader: Prof.  <a href=\"http:\/\/staff.ki.se\/people\/kristina-johanell\" data-type=\"URL\" data-id=\"staff.ki.se\/people\/kristina-johanell\">Kristina Johnell<\/a>  <\/em>  <\/p>\n\n\n\n<p><img decoding=\"async\" class=\"wp-image-85\" style=\"width: 150px;\" src=\"https:\/\/swemed.meb.ki.se\/wp-content\/uploads\/2022\/11\/Wastesson_Jonas_foto-Gunilla-Sonnebring.jpg\" alt=\"\"><img loading=\"lazy\" decoding=\"async\" width=\"150\" height=\"200\" class=\"wp-image-123\" style=\"width: 150px;\" src=\"https:\/\/swemed.meb.ki.se\/wp-content\/uploads\/2022\/11\/Wastesson_Jonas_foto-Gunilla-Sonnebring-1.jpg\" alt=\"\" srcset=\"https:\/\/swemed.meb.ki.se\/wp-content\/uploads\/2022\/11\/Wastesson_Jonas_foto-Gunilla-Sonnebring-1.jpg 360w, https:\/\/swemed.meb.ki.se\/wp-content\/uploads\/2022\/11\/Wastesson_Jonas_foto-Gunilla-Sonnebring-1-225x300.jpg 225w\" sizes=\"auto, (max-width: 150px) 100vw, 150px\" \/><\/p>\n\n\n\n<p><em>Senior specialist: <a href=\"https:\/\/staff.ki.se\/people\/jonas-wastesson\">Jonas Watesson<\/a><\/em><\/p>\n\n\n\n<p> Postdoctoral researchers:<\/p>\n\n\n\n<p> <img loading=\"lazy\" decoding=\"async\" width=\"120\" height=\"160\" class=\"wp-image-87\" style=\"width: 120px;\" src=\"https:\/\/swemed.meb.ki.se\/wp-content\/uploads\/2022\/11\/Maura_Geric_foto-Gunilla-Sonnebring.jpg\" alt=\"\" srcset=\"https:\/\/swemed.meb.ki.se\/wp-content\/uploads\/2022\/11\/Maura_Geric_foto-Gunilla-Sonnebring.jpg 360w, https:\/\/swemed.meb.ki.se\/wp-content\/uploads\/2022\/11\/Maura_Geric_foto-Gunilla-Sonnebring-225x300.jpg 225w\" sizes=\"auto, (max-width: 120px) 100vw, 120px\" \/>  <\/p>\n\n\n\n<p><em><a href=\"https:\/\/staff.ki.se\/people\/geric-maura\" data-type=\"URL\" data-id=\"https:\/\/staff.ki.se\/people\/geric-maura\">G\u00e9ric Maura<\/a> <\/em> <\/p>\n\n\n\n<p><img loading=\"lazy\" decoding=\"async\" width=\"150\" height=\"200\" class=\"wp-image-86\" style=\"width: 150px;\" src=\"https:\/\/swemed.meb.ki.se\/wp-content\/uploads\/2022\/11\/Blotiere_Pierre-Olivier_2_foto-Gunilla-Sonnebring.jpg\" alt=\"\" srcset=\"https:\/\/swemed.meb.ki.se\/wp-content\/uploads\/2022\/11\/Blotiere_Pierre-Olivier_2_foto-Gunilla-Sonnebring.jpg 360w, https:\/\/swemed.meb.ki.se\/wp-content\/uploads\/2022\/11\/Blotiere_Pierre-Olivier_2_foto-Gunilla-Sonnebring-225x300.jpg 225w\" sizes=\"auto, (max-width: 150px) 100vw, 150px\" \/>                                                                <\/p>\n\n\n\n<p><em><a href=\"https:\/\/staff.ki.se\/people\/pierre-olivier-blotiere\" data-type=\"URL\" data-id=\"https:\/\/staff.ki.se\/people\/pierre-olivier-blotiere\">Pierre-Olivier-Blotiere<\/a><\/em><\/p>\n\n\n\n<p> <img loading=\"lazy\" decoding=\"async\" width=\"120\" height=\"160\" class=\"wp-image-125\" style=\"width: 120px;\" src=\"https:\/\/swemed.meb.ki.se\/wp-content\/uploads\/2022\/11\/Minh_Than_Hoang.jpg\" alt=\"\" srcset=\"https:\/\/swemed.meb.ki.se\/wp-content\/uploads\/2022\/11\/Minh_Than_Hoang.jpg 360w, https:\/\/swemed.meb.ki.se\/wp-content\/uploads\/2022\/11\/Minh_Than_Hoang-225x300.jpg 225w\" sizes=\"auto, (max-width: 120px) 100vw, 120px\" \/><\/p>\n\n\n\n<p><a href=\"https:\/\/medarbetare.ki.se\/people\/minhtuan-hoang\"><em>Minh Tuan Hoang<\/em><\/a><\/p>\n\n\n\n<p>  <img loading=\"lazy\" decoding=\"async\" width=\"120\" height=\"160\" class=\"wp-image-84\" style=\"width: 120px;\" src=\"https:\/\/swemed.meb.ki.se\/wp-content\/uploads\/2022\/11\/Szilcz_Mate_foto-Gunilla-Sonnebring.jpg\" alt=\"\" srcset=\"https:\/\/swemed.meb.ki.se\/wp-content\/uploads\/2022\/11\/Szilcz_Mate_foto-Gunilla-Sonnebring.jpg 360w, https:\/\/swemed.meb.ki.se\/wp-content\/uploads\/2022\/11\/Szilcz_Mate_foto-Gunilla-Sonnebring-225x300.jpg 225w\" sizes=\"auto, (max-width: 120px) 100vw, 120px\" \/>                                      <\/p>\n\n\n\n<p><em>Doctoral <\/em>Student:<a href=\"https:\/\/medarbetare.ki.se\/people\/mate-szilcz\" data-type=\"URL\" data-id=\"https:\/\/medarbetare.ki.se\/people\/mate-szilcz\"> M\u00e1t\u00e9 Szilcz ; <\/a> <\/p>\n\n\n\n<p><img loading=\"lazy\" decoding=\"async\" width=\"120\" height=\"120\" class=\"wp-image-119\" style=\"width: 120px;\" src=\"https:\/\/swemed.meb.ki.se\/wp-content\/uploads\/2022\/11\/pouran_almsted_2022.jpg\" alt=\"\" srcset=\"https:\/\/swemed.meb.ki.se\/wp-content\/uploads\/2022\/11\/pouran_almsted_2022.jpg 321w, https:\/\/swemed.meb.ki.se\/wp-content\/uploads\/2022\/11\/pouran_almsted_2022-300x300.jpg 300w, https:\/\/swemed.meb.ki.se\/wp-content\/uploads\/2022\/11\/pouran_almsted_2022-150x150.jpg 150w\" sizes=\"auto, (max-width: 120px) 100vw, 120px\" \/><\/p>\n\n\n\n<p><em>System developer: <a href=\"https:\/\/medarbetare.ki.se\/people\/pouran-almstedt\" data-type=\"URL\" data-id=\"https:\/\/medarbetare.ki.se\/people\/pouran-almstedt\">Pouran Almstedt <\/a> <\/em>    <\/p>\n","protected":false},"excerpt":{"rendered":"<p>Project leader: Prof. Kristina Johnell Senior specialist: Jonas Watesson Postdoctoral researchers: G\u00e9ric Maura Pierre-Olivier-Blotiere Minh Tuan Hoang Doctoral Student: M\u00e1t\u00e9 Szilcz ; System developer: Pouran Almstedt<\/p>\n","protected":false},"author":37,"featured_media":0,"parent":0,"menu_order":2,"comment_status":"closed","ping_status":"closed","template":"","meta":{"footnotes":""},"class_list":["post-117","page","type-page","status-publish","hentry","entry"],"jetpack-related-posts":[],"jetpack_sharing_enabled":true,"_links":{"self":[{"href":"https:\/\/swemed.meb.ki.se\/index.php\/wp-json\/wp\/v2\/pages\/117","targetHints":{"allow":["GET"]}}],"collection":[{"href":"https:\/\/swemed.meb.ki.se\/index.php\/wp-json\/wp\/v2\/pages"}],"about":[{"href":"https:\/\/swemed.meb.ki.se\/index.php\/wp-json\/wp\/v2\/types\/page"}],"author":[{"embeddable":true,"href":"https:\/\/swemed.meb.ki.se\/index.php\/wp-json\/wp\/v2\/users\/37"}],"replies":[{"embeddable":true,"href":"https:\/\/swemed.meb.ki.se\/index.php\/wp-json\/wp\/v2\/comments?post=117"}],"version-history":[{"count":6,"href":"https:\/\/swemed.meb.ki.se\/index.php\/wp-json\/wp\/v2\/pages\/117\/revisions"}],"predecessor-version":[{"id":248,"href":"https:\/\/swemed.meb.ki.se\/index.php\/wp-json\/wp\/v2\/pages\/117\/revisions\/248"}],"wp:attachment":[{"href":"https:\/\/swemed.meb.ki.se\/index.php\/wp-json\/wp\/v2\/media?parent=117"}],"curies":[{"name":"wp","href":"https:\/\/api.w.org\/{rel}","templated":true}]}}